m**2 - 792*m - 2377. Determine x(-3).
8
Let b(j) = -2*j**2 + 29*j + 188. What is b(19)?
17
Let n(v) = 3*v**3 + 2*v + 1. Determine n(0).
1
Let d(z) = -z**3 - 29*z**2 + 123*z - 300. What is d(-33)?
-3
Let k(d) = -d**2 - 217*d + 1115. Calculate k(5).
5
Let s(p) = -p**3 + 20*p**2 - 27*p + 93. What is s(19)?
-59
Let j(h) = 4*h**3 - h**2 + 56*h - 173. What is j(3)?
94
Let z(h) = h**3 - 9*h**2 - 15*h + 3. Give z(10).
-47
Let p(i) = -117*i - 2414. Calculate p(-21).
43
Let q(k) = k**3 + 252*k**2 - 251*k. Determine q(1).
2
Let y(x) = -16*x**3 + 3*x**2 - 10*x + 16. Give y(2).
-120
Let w(t) = -t**3 - 9*t**2 + 11*t + 62. Calculate w(-9).
-37
Let y(c) = 134*c**3 - c**2 + 13*c - 12. Give y(1).
134
Let b(d) = d**3 - 52*d**2 - 68*d + 801. What is b(53)?
6
Let q(d) = 3*d**2 + 20*d - 25. Determine q(-10).
75
Let i(d) = 2*d**3 - 12*d**2 - 7*d - 35. Determine i(10).
695
Let s(w) = 185*w - 1300. Determine s(7).
-5
Let p(l) = 4*l**2 - 588*l - 27. What is p(147)?
-27
Let s(z) = 42*z - 3329. Calculate s(91).
493
Let p(f) = 493*f + 2511. What is p(-5)?
46
Let w(q) = -2*q**3 + 82*q**2 - 9*q - 32. Determine w(41).
-401
Let x(w) = -w**2 - 239*w + 1977. Give x(8).
1
Let b(z) = z**2 - 33*z + 301. Give b(15).
31
Let p(v) = 4*v**2 + 294*v - 582. Determine p(2).
22
Let i(o) = -107*o - 15. Give i(0).
-15
Let c(k) = -k**3 + 11*k**2 + 10*k + 282. Give c(14).
-166
Let o(h) = h**2 - 1123*h + 10026. Give o(9).
0
Let d(h) = h + 33. What is d(-30)?
3
Let o(y) = 9*y**2 - 95*y + 418. Give o(9).
292
Let r(w) = 10*w**3 + 5*w**2 + 3*w - 21. Give r(-3).
-255
Let q(w) = -2*w**3 + 38*w**2 + 12*w - 117. What is q(19)?
111
Let t(x) = 2*x**3 + 29*x**2 - 75*x + 170. Give t(-17).
0
Let x(f) = -2*f**2 + 28*f - 260. What is x(8)?
-164
Let i(n) = 2*n**3 - 13*n**2 + 4*n + 9. Calculate i(6).
-3
Let f(r) = r**3 - 4*r**2 - 37*r + 15. Determine f(8).
-25
Let t(g) = -2*g**2 - 28*g + 19. Give t(-16).
-45
Let q(s) = 10*s - 240. Determine q(25).
10
Let r(f) = f**3 - 55*f**2 - 228*f + 38. Determine r(-4).
6
Let t(z) = 16*z + 3. What is t(-4)?
-61
Let g(n) = 691*n**2 + 8289*n - 16. What is g(-12)?
20
Let p(v) = 30*v - 303. Give p(11).
27
Let v(h) = -h**3 - 22*h**2 + 55*h + 176. Determine v(-24).
8
Let y(m) = 34*m**2 - 207*m - 73. Calculate y(6).
-91
Let j(m) = 22*m**3 + 238*m**2 - 52*m - 83. Calculate j(-11).
5
Let q(t) = -101*t + 4639. Determine q(46).
-7
Let h(l) = l**3 + 3*l**2 - 5*l - 4. Give h(-3).
11
Let h(l) = 293*l + 23. Give h(-1).
-270
Let t(p) = 19*p + 405. Give t(-20).
25
Let v(j) = -7*j**2 + 348*j - 585. Calculate v(48).
-9
Let r(n) = n**3 + 69*n**2 + 202*n + 264. Determine r(-66).
0
Let c(b) = 117*b**2 + 400*b + 803. Determine c(-2).
471
Let t(j) = -j**3 - 9*j**2 - 10*j + 12. Give t(-8).
28
Let k(w) = 4*w**2 + 37*w - 11. Determine k(-11).
66
Let q(h) = 11*h - 110. Give q(9).
-11
Let q(n) = n**3 + 25*n**2 + 114*n - 16. Determine q(-6).
-16
Let t(n) = -5*n**2 - 79*n - 229. Give t(-3).
-37
Let v(j) = j**3 - 5*j**2 - 32*j + 18. What is v(11)?
392
Let p(w) = -w**3 - 3*w**2 + 3*w - 16. Give p(-4).
-12
Let y(a) = -8*a**2 - 16*a - 41. Determine y(-7).
-321
Let r(c) = c**3 + 48*c**2 - 101*c + 47. Determine r(-50).
97
Let r(z) = -344*z - 706. Determine r(-2).
-18
Let d(s) = -2*s**3 - 20*s**2 + 22*s + 8. Determine d(-11).
8
Let j(o) = o**3 - 7*o**2 - 290*o + 1499. Determine j(5).
-1
Let v(m) = 5*m - 56. Determine v(14).
14
Let m(x) = x**3 - 4*x**2 - 65*x - 32. Determine m(-6).
-2
Let n(z) = -2*z**3 - 21*z**2 + 92*z - 35. Determine n(-14).
49
Let u(l) = -l**2 - 34*l + 5644. Determine u(-94).
4
Let z(i) = i**2 + 21*i + 87. What is z(-11)?
-23
Let r(f) = -f**2 + 27*f - 279. What is r(11)?
-103
Let a(i) = -i**3 + 89*i**2 - 340*i - 154. Determine a(85).
-154
Let s(g) = 4*g - 35. Give s(-10).
-75
Let c(d) = -4*d**3 + 166*d**2 - 91*d + 318. Determine c(41).
-51
Let t(k) = -k**3 + 12*k**2 - 17*k + 8. Give t(5).
98
Let n(x) = 9*x**2 + 269*x - 71. Calculate n(-30).
-41
Let u(g) = g**3 - g**2 - 11*g - 516. Determine u(0).
-516
Let o(h) = 25*h + 168. Calculate o(-8).
-32
Let l(m) = -m**2 + 57*m - 788. Determine l(24).
4
Let x(s) = 901*s + 5414. Calculate x(-6).
8
Let w(k) = k**3 + 11*k**2 - 9*k + 6. Give w(-12).
-30
Let k(i) = -16*i - 550. What is k(-9)?
-406
Let z(l) = 258*l + 1012. Give z(-4).
-20
Let p(w) = -w**3 - 31*w**2 + 311*w + 36. What is p(8)?
28
Let x(p) = 2*p**3 - 80*p**2 - 157*p + 3087. Calculate x(41).
12
Let q(t) = 20*t - 25. Calculate q(-18).
-385
Let b(p) = -3*p**3 - 833*p**2 + 5394*p - 569. Determine b(-284).
-1
Let b(d) = 1925*d + 1931. Determine b(-1).
6
Let b(o) = -o**2 - 43*o - 280. Give b(-36).
-28
Let w(t) = 4*t**3 - 154*t**2 + 66*t + 380. Give w(38).
0
Let z(x) = 42*x + 2780. Calculate z(-71).
-202
Let w(z) = -z**2 - 286*z + 591. What is w(2)?
15
Let p(u) = -8*u**3 - 22*u**2 + 5*u + 8. Give p(-3).
11
Let u(b) = -20*b**2 + 5*b + 48. Give u(2).
-22
Let b(l) = -l**3 - 22*l**2 + 25*l + 66. Determine b(-23).
20
Let t(a) = -5*a**2 - 22*a + 693. Give t(-17).
-378
Let v(c) = 4351*c + 13064. Calculate v(-3).
11
Let d(u) = u**2 - 28*u + 25. Determine d(1).
-2
Let b(t) = -t**3 + 4*t**2 - 7*t + 48. Calculate b(6).
-66
Let x(t) = 48*t + 45. Determine x(-2).
-51
Let v(u) = 3*u**2 + 191*u - 4848. What is v(-83)?
-34
Let j(i) = 5*i**2 - 207*i - 2579. Determine j(-10).
-9
Let y(o) = -20*o - 263. Determine y(-14).
17
Let c(i) = 171*i + 5854. Give c(-34).
40
Let g(s) = -s**3 - 42*s**2 + 92*s + 108. What is g(-44)?
-68
Let v(a) = 18*a + 204. Determine v(-14).
-48
Let f(a) = 481*a + 3839. What is f(-8)?
-9
Let k(n) = n**3 - 25*n**2 + 20*n + 97. Calculate k(24).
1
Let p(d) = -d**2 + 12*d - 18. What is p(9)?
9
Let j(i) = 677*i - 2064. Give j(3).
-33
Let x(h) = -h**2 + 11*h - 7. What is x(6)?
23
Let l(j) = j**3 - 19*j**2 - 43*j + 200. Give l(21).
179
Let k(h) = 142*h - 6. What is k(1)?
136
Let k(b) = -384*b + 7682. Calculate k(20).
2
Let t(p) = -2*p**3 - 19*p**2 - 17*p - 70. Determine t(-9).
2
Let x(l) = 2*l**2 - 9*l - 133. Give x(13).
88
Let x(v) = v**3 - 68*v**2 - 82*v + 853. Calculate x(69).
-44
Let m(b) = 4*b - 152. Give m(-1).
-156
Let o(v) = v**3 + 4*v**2 - 2*v + 254. Calculate o(0).
254
Let g(r) = -r**3 + 24*r**2 + 258*r - 64. Calculate g(32).
0
Let s(n) = -n**2 - 59*n - 786. Give s(-17).
-72
Let m(q) = -16*q - 171. Determine m(-12).
21
Let c(q) = 19*q - 24. Give c(9).
147
Let z(a) = -a**3 + 14*a**2 + 14*a - 275. Give z(13).
76
Let v(l) = -26*l**3 - 52*l**2 - 10*l - 15. Determine v(-2).
5
Let c(l) = -337*l + 2684. Give c(8).
-12
Let o(f) = f**3 + 60*f**2 - 266*f - 643. Calculate o(-64).
-3
Let g(b) = -3*b**3 + 438*b**2 - 428*b - 1016. Calculate g(145).
-1
Let f(w) = -2*w**2 + 220*w - 1255. Calculate f(104).
-7
Let y(o) = -2*o**3 + o**2 - 7*o + 121. Determine y(0).
121
Let q(t) = -t**3 - 5*t**2 + 327*t + 1924. Calculate q(-6).
-2
Let j(a) = -a**3 - 2*a**2 - 22*a - 37. Determine j(-2).
7
Let p(b) = 2*b**2 + 703*b + 1396. What is p(-2)?
-2
Let a(j) = 13*j**2 - 2*j - 15. Determine a(2).
33
Let m(y) = 969*y + 1944. Give m(-2).
6
Let o(y) = -y**3 - 19*y**2 - 22*y - 95. Determine o(-18).
-23
Let d(t) = 52*t - 4036. What is d(80)?
124
Let p(o) = 86*o - 3700. Give p(43).
-2
Let i(y) = y**3 + 14*y**2 - 6*y + 14. Give i(-15).
-121
Let m(q) = -2*q**3 + 20*q**2 - 13*q + 32. Calculate m(9).
77
Let d(u) = 44*u + 131. Give d(0).
131
Let v(c) = -c**2 - 22*c + 1469. Calculate v(29).
-10
Let n(l) = -772*l + 226969. What is n(294)?
1
Let b(u) = 11*u**3 + 6*u**2 + 2*u - 4. Determine b(-2).
-72
Let g(o) = 17*o - 609. Determine g(18).
-303
Let v(h) = 2*h**2 - 28*h - 1168. Give v(-17).
-114
Let m(x) = -x**3 + 19*x**2 - 24*x - 104. Calculate m(16).
280
Let p(g) = 2*g**3 - 32*g**2 - 59*g + 96. Calculate p(16).
-848
Let q(g) = 837*g**3 - g**2 + 3*g + 4. Give q(-1).
-837
Let u(g) = 2*g**3 - 12*g**2 + 19*g - 36. Determine u(5).
9
Let g(a) = -3*a**2 + 82*a - 513. Calculate g(10).
7
Let i(j) = j**3 + 107*j**2 + 108*j + 212. Give i(-106).
0
Let l(v) = -4*v**2 - 66*v - 90. Calculate l(-12).
126
Let r(f) = 70*f**2 - 11*f - 55. What is r(-2)?
247
Let u(n) = -3047*n - 262046. Give u(-86).
-4
Let t(x) = -1452*x - 608388. Give t(-419).
0
Let f(u) = u**3 + 52*u**2 + 514*u + 279. Calculate f(-39).
6
Let u(d) = 2*d**2 + 20*d + 20. Calculate u(3).
98
Let z(f) = 6*f**2 + 2984*f + 2983. What is z(-1)?
5
Let i(y) = -7*y**2 - 19*y - 10. What is i(-4)?
